mmon factor of 25752883 and 13.
13
What is the greatest common factor of 11342632 and 236?
236
What is the highest common factor of 160879455 and 330?
165
What is the greatest common factor of 6759 and 4770?
9
Calculate the greatest common divisor of 46642980 and 3720.
60
Calculate the greatest common divisor of 760 and 207750.
10
What is the greatest common divisor of 6525608 and 3980?
796
Calculate the greatest common factor of 16392387 and 128494.
1567
Calculate the greatest common factor of 8632 and 22048.
104
Calculate the highest common divisor of 28598 and 64979.
181
Calculate the greatest common factor of 339261 and 153855.
39
What is the highest common divisor of 1862 and 1229851?
931
Calculate the highest common divisor of 96 and 11072928.
96
What is the greatest common factor of 948336 and 26772?
276
Calculate the greatest common factor of 10123050 and 6.
6
Calculate the highest common divisor of 146 and 12444018.
146
What is the highest common factor of 140 and 32783980?
20
Calculate the greatest common factor of 22204 and 2802828.
1708
Calculate the highest common divisor of 126 and 22753026.
18
Calculate the greatest common divisor of 13151637 and 99.
9
What is the greatest common factor of 177126 and 72?
6
What is the greatest common divisor of 10153 and 272569?
781
Calculate the highest common divisor of 1342359 and 20366.
599
What is the highest common factor of 361755041 and 1?
1
Calculate the highest common factor of 304659128 and 86.
86
Calculate the greatest common divisor of 29086536 and 34523.
1817
What is the greatest common factor of 32 and 9840544?
32
Calculate the greatest common divisor of 302687892 and 416.
52
Calculate the greatest common factor of 648 and 7669656.
72
Calculate the greatest common factor of 101 and 397588.
1
What is the highest common divisor of 116412 and 264652?
436
Calculate the greatest common divisor of 2185651 and 5135.
13
What is the highest common factor of 193834764 and 108?
36
What is the highest common divisor of 616078776 and 680?
136
What is the highest common divisor of 9282 and 542844?
102
What is the greatest common factor of 98 and 195620201?
49
What is the greatest common factor of 87259 and 31666?
71
Calculate the highest common factor of 6184407 and 372.
93
What is the greatest common factor of 26621 and 4739?
7
What is the highest common factor of 21 and 299919?
3
Calculate the highest common factor of 2021 and 502025.
43
Calculate the greatest common factor of 24596018 and 158.
158
Calculate the greatest common divisor of 598420485 and 494.
247
What is the greatest common factor of 398 and 59122303?
199
What is the highest common factor of 1326030 and 24330?
30
Calculate the greatest common divisor of 16 and 209691432.
8
What is the highest common divisor of 51335800 and 107300?
2900
Calculate the greatest common factor of 3206322 and 36.
18
What is the highest common divisor of 3634 and 35082794?
158
Calculate the highest common factor of 431288 and 58136.
1352
What is the highest common factor of 107589411 and 9?
9
What is the highest common divisor of 15609408 and 672?
96
Calculate the highest common divisor of 3398 and 1898.
2
What is the greatest common divisor of 8063346 and 264?
6
Calculate the greatest common factor of 28352960 and 38830.
3530
What is the greatest common factor of 6381 and 5574867?
2127
Calculate the highest common divisor of 12249138 and 1782.
66
What is the highest common divisor of 16758474 and 2038?
2038
What is the highest common divisor of 72 and 319232?
8
What is the greatest common factor of 8419818 and 9264?
1158
Calculate the greatest common divisor of 36995 and 151865.
35
What is the greatest common factor of 32265 and 90180?
135
What is the highest common factor of 166 and 537144294?
166
Calculate the highest common divisor of 114 and 23731854.
6
What is the highest common factor of 1065540 and 1680?
420
What is the highest common factor of 12625503 and 484?
121
What is the highest common divisor of 582930 and 8415?
765
Calculate the greatest common divisor of 260 and 29390140.
260
Calculate the highest common divisor of 3084 and 7329897.
771
What is the highest common divisor of 40360 and 29000?
40
What is the greatest common divisor of 322085664 and 2?
2
What is the highest common factor of 16 and 1174442280?
8
What is the highest common factor of 735705 and 225?
45
What is the greatest common divisor of 1005576 and 3432?
3432
What is the highest common divisor of 11762408 and 5341?
763
Calculate the greatest common divisor of 1783377 and 49404.
537
What is the highest common divisor of 88 and 4585526?
22
What is the highest common factor of 256 and 55371136?
128
Calculate the highest common divisor of 12906252 and 12.
12
Calculate the greatest common factor of 62 and 36241945.
31
Calculate the greatest common divisor of 63864518 and 22654.
482
What is the highest common factor of 709244 and 1529764?
1124
What is the greatest common divisor of 1283574 and 1266?
6
Calculate the highest common divisor of 2479 and 3120994.
67
What is the greatest common divisor of 165213 and 24263523?
5697
What is the greatest common divisor of 9416988 and 333?
9
Calculate the greatest common factor of 6856 and 27939914.
1714
Calculate the greatest common divisor of 1266 and 2026930566.
1266
What is the greatest common divisor of 24359760 and 95615?
7355
What is the highest common divisor of 36162576 and 50397?
321
Calculate the greatest common divisor of 6287506298 and 58.
58
Calculate the greatest common factor of 4323 and 4540460.
131
Calculate the greatest common factor of 37841 and 1264.
79
Calculate the highest common divisor of 8683 and 159588970.
457
Calculate the highest common divisor of 38736515 and 830.
415
Calculate the greatest common divisor of 163710 and 7795860.
510
Calculate the highest common divisor of 120 and 241795080.
120
What is the greatest common factor of 26564208 and 14256?
528
Calculate the highest common divisor of 115983754 and 101.
101
Calculate the greatest common factor of 366257 and 1174595.
677
Calculate the highest common divisor of 2917420 and 1341.
149
Calculate the greatest common divisor of 225364 and 1604.
4
Calculate the highest common divisor of 12077 and 1661981.
929
Calculate the highest common divisor of 18756700 and 424.
212
Calculate the greatest common divisor of 308850 and 6615425.
1775
What is the greatest common factor of 303632695 and 1130?
565
Calculate the greatest common divisor of 2813745 and 66.
33
Calculate the highest common divisor of 22 and 285343751.
11
Calculate the highest common factor of 1674135 and 270.
135
What is the highest common divisor of 13588463 and 172578?
4109
Calculate the greatest common divisor of 1676700 and 1478900.
2300
Calculate the greatest common factor of 2526687 and 513.
27
What is the greatest common divisor of 79605360 and 2880?
720
Calculate the highest common divisor of 706500 and 765846.
2826
What is the highest common divisor of 540348 and 1818624?
444
Calculate the highest common factor of 208 and 2081768.
104
What is the highest common divisor of 83472805 and 20?
5
Calculate the highest common factor of 77128773 and 16647.
537
Calculate the greatest common factor of 48988 and 8705300.
1324
Calculate the highest common factor of 8000566 and 3738.
1246
Calculate the highest common divisor of 29073399 and 87.
87
Calculate the greatest common divisor of 268 and 43504038.
134
Calculate the highest common divisor of 402378 and 45372.
1194
What is the highest common divisor of 832 and 3736668?
52
What is the highest common factor of 355511715 and 2613?
2613
What is the greatest common factor of 125280 and 1376920?
1160
What is the greatest common divisor of 140283 and 304873?
109
What is the highest common divisor of 1387825 and 507363?
1291
What is the highest common divisor of 503570 and 9670?
10
Calculate the highest common factor of 50 and 2787010.
10
What is the highest common divisor of 178209931 and 172?
43
What is the greatest common factor of 287 and 807577?
41
Calculate the greatest common factor of 23766 and 7314.
6
What is the highest common divisor of 474 and 1256495?
79
Calculate the greatest common divisor of 11375966 and 14938.
1358
What is the hi